{"id":121,"date":"2025-03-25T07:21:21","date_gmt":"2025-03-25T07:21:21","guid":{"rendered":"https:\/\/www.kulickodrahy.com\/?page_id=121"},"modified":"2026-02-25T10:30:00","modified_gmt":"2026-02-25T10:30:00","slug":"originalni-dreveny-mobiliar","status":"publish","type":"page","link":"https:\/\/www.kulickodrahy.com\/index.php\/originalni-dreveny-mobiliar\/","title":{"rendered":"Origin\u00e1ln\u00ed d\u0159ev\u011bn\u00fd mobili\u00e1\u0159"},"content":{"rendered":"<p>[et_pb_section fb_built=&#8220;1&#8243; _builder_version=&#8220;4.27.4&#8243; _module_preset=&#8220;default&#8220; background_enable_color=&#8220;off&#8220; background_image=&#8220;http:\/\/www.kulickodrahy.com\/wp-content\/uploads\/2025\/05\/drevo-struktura-cb-sv.jpg&#8220; parallax=&#8220;on&#8220; min_height=&#8220;243.6px&#8220; custom_padding=&#8220;4px||34px||false|false&#8220; global_colors_info=&#8220;{}&#8220;][et_pb_row column_structure=&#8220;1_4,3_4&#8243; _builder_version=&#8220;4.27.4&#8243; _module_preset=&#8220;default&#8220; width=&#8220;100%&#8220; max_width=&#8220;1250px&#8220; module_alignment=&#8220;left&#8220; custom_padding=&#8220;||10px|||&#8220; global_colors_info=&#8220;{}&#8220;][et_pb_column type=&#8220;1_4&#8243; _builder_version=&#8220;4.27.4&#8243; _module_preset=&#8220;default&#8220; global_colors_info=&#8220;{}&#8220;][et_pb_image src=&#8220;http:\/\/www.kulickodrahy.com\/wp-content\/uploads\/2025\/05\/favicon-kulickodrahy.png&#8220; title_text=&#8220;favicon kulickodrahy&#8220; url=&#8220;https:\/\/www.kulickodrahy.com\/&#8220; align=&#8220;center&#8220; _builder_version=&#8220;4.27.4&#8243; _module_preset=&#8220;default&#8220; width=&#8220;60%&#8220; module_alignment=&#8220;center&#8220; max_height_tablet=&#8220;106px&#8220; max_height_phone=&#8220;100px&#8220; max_height_last_edited=&#8220;on|phone&#8220; animation_style=&#8220;roll&#8220; animation_duration=&#8220;1600ms&#8220; animation_intensity_roll=&#8220;100%&#8220; animation_starting_opacity=&#8220;100%&#8220; animation_speed_curve=&#8220;linear&#8220; animation_repeat=&#8220;loop&#8220; global_colors_info=&#8220;{}&#8220;][\/et_pb_image][\/et_pb_column][et_pb_column type=&#8220;3_4&#8243; _builder_version=&#8220;4.27.4&#8243; _module_preset=&#8220;default&#8220; global_colors_info=&#8220;{}&#8220;][et_pb_text _builder_version=&#8220;4.27.4&#8243; _module_preset=&#8220;default&#8220; text_text_color=&#8220;#000000&#8243; header_font=&#8220;Big Shoulders Inline Text|800|||||||&#8220; header_text_align=&#8220;left&#8220; header_text_color=&#8220;#774500&#8243; header_font_size=&#8220;6em&#8220; custom_margin=&#8220;23px||0px||false|false&#8220; custom_margin_tablet=&#8220;&#8220; custom_margin_phone=&#8220;3px||0px||false|false&#8220; custom_margin_last_edited=&#8220;on|phone&#8220; custom_padding=&#8220;0px|||5px|false|false&#8220; header_text_align_tablet=&#8220;&#8220; header_text_align_phone=&#8220;center&#8220; header_text_align_last_edited=&#8220;on|phone&#8220; header_font_size_tablet=&#8220;&#8220; header_font_size_phone=&#8220;3em&#8220; header_font_size_last_edited=&#8220;on|phone&#8220; text_orientation_tablet=&#8220;&#8220; text_orientation_phone=&#8220;center&#8220; text_orientation_last_edited=&#8220;on|phone&#8220; global_colors_info=&#8220;{}&#8220;]<\/p>\n<h1 style=\"text-align: left;\">Origin\u00e1ln\u00ed d\u0159ev\u011bn\u00fd mobili\u00e1\u0159<\/h1>\n<p>[\/et_pb_text][\/et_pb_column][\/et_pb_row][\/et_pb_section][et_pb_section fb_built=&#8220;1&#8243; _builder_version=&#8220;4.27.4&#8243; _module_preset=&#8220;default&#8220; background_enable_color=&#8220;off&#8220; background_enable_image=&#8220;off&#8220; parallax=&#8220;on&#8220; min_height=&#8220;883.4px&#8220; custom_padding=&#8220;||0px||false|false&#8220; global_colors_info=&#8220;{}&#8220;][et_pb_row column_structure=&#8220;1_2,1_2&#8243; _builder_version=&#8220;4.27.4&#8243; _module_preset=&#8220;default&#8220; custom_padding=&#8220;||4px|||&#8220; global_colors_info=&#8220;{}&#8220;][et_pb_column type=&#8220;1_2&#8243; _builder_version=&#8220;4.27.4&#8243; _module_preset=&#8220;default&#8220; global_colors_info=&#8220;{}&#8220;][et_pb_image src=&#8220;http:\/\/www.kulickodrahy.com\/wp-content\/uploads\/2025\/05\/P_20210525_141702_vHDR_On.jpg&#8220; title_text=&#8220;P_20210525_141702_vHDR_On&#8220; _builder_version=&#8220;4.27.4&#8243; _module_preset=&#8220;default&#8220; global_colors_info=&#8220;{}&#8220;][\/et_pb_image][\/et_pb_column][et_pb_column type=&#8220;1_2&#8243; _builder_version=&#8220;4.27.4&#8243; _module_preset=&#8220;default&#8220; global_colors_info=&#8220;{}&#8220;][et_pb_text _builder_version=&#8220;4.27.4&#8243; _module_preset=&#8220;default&#8220; text_text_color=&#8220;#774500&#8243; text_font_size=&#8220;16px&#8220; header_2_font=&#8220;|800|||||||&#8220; header_2_text_color=&#8220;#774500&#8243; header_2_line_height=&#8220;1.3em&#8220; global_colors_info=&#8220;{}&#8220;]<\/p>\n<p>Origin\u00e1ln\u00ed d\u0159ev\u011bn\u00fd mobili\u00e1\u0159 d\u011bl\u00e1m tak, aby d\u011btem dob\u0159e slou\u017eil a z\u00e1rove\u0148 zapadl do p\u0159\u00edrody. Kuli\u010dkodr\u00e1hy a dal\u0161\u00ed hern\u00ed prvky vyr\u00e1b\u00edm z kvalitn\u00edho d\u0159eva, kter\u00e9 je pevn\u00e9, odoln\u00e9 a p\u0159\u00edjemn\u00e9 na dotek. Ka\u017ed\u00fd kus pe\u010dliv\u011b opracuji, aby byl bezpe\u010dn\u00fd a vydr\u017eel roky hran\u00ed.<\/p>\n<p>V\u017edy mysl\u00edm na to, aby si d\u011bti hru opravdu u\u017eily \u2013 proto kombinuji tradi\u010dn\u00ed \u0159emeslo s chytr\u00fdmi n\u00e1pady. D\u0159evo m\u00e1 sv\u00e9 kouzlo, kr\u00e1sn\u011b st\u00e1rne a s \u010dasem z\u00edsk\u00e1v\u00e1 jedine\u010dnou patinu, d\u00edky kter\u00e9 vypad\u00e1 je\u0161t\u011b l\u00e9pe.<\/p>\n<h2>Kam um\u00edstit origin\u00e1ln\u00ed d\u0159ev\u011bn\u00fd mobili\u00e1\u0159?<\/h2>\n<p>Moje d\u0159ev\u011bn\u00e9 kuli\u010dkodr\u00e1hy se hod\u00ed v\u0161ude. Kam um\u00edstit origin\u00e1ln\u00ed d\u0159ev\u011bn\u00fd mobili\u00e1\u0159?<\/p>\n<ul>\n<li><strong>D\u011btsk\u00e1 h\u0159i\u0161t\u011b<\/strong> \u2013 m\u00edsto, kde se d\u011bti zabav\u00ed, rozv\u00edjej\u00ed zru\u010dnost a u\u010d\u00ed se sd\u00edlet radost ze hry.<\/li>\n<li><strong>Hotely a penziony<\/strong> \u2013 zp\u0159\u00edjemn\u00ed pobyt rodin\u00e1m s d\u011btmi a vytvo\u0159\u00ed z\u00e1zem\u00ed pro spole\u010dn\u00e9 z\u00e1\u017eitky.<\/li>\n<li><strong>Parky a ve\u0159ejn\u00e1 prostranstv\u00ed<\/strong> \u2013 p\u0159irozen\u011b l\u00e1k\u00e1 k objevov\u00e1n\u00ed a propojuje generace.<\/li>\n<li><strong>\u0160kolky a \u0161koly<\/strong> \u2013 podporuje kreativitu, trp\u011blivost a logick\u00e9 my\u0161len\u00ed hravou formou.<\/li>\n<\/ul>\n<p>[\/et_pb_text][\/et_pb_column][\/et_pb_row][et_pb_row _builder_version=&#8220;4.27.4&#8243; _module_preset=&#8220;default&#8220; min_height=&#8220;211.8px&#8220; custom_padding=&#8220;5px|||||&#8220; global_colors_info=&#8220;{}&#8220;][et_pb_column type=&#8220;4_4&#8243; _builder_version=&#8220;4.27.4&#8243; _module_preset=&#8220;default&#8220; global_colors_info=&#8220;{}&#8220;][et_pb_text _builder_version=&#8220;4.27.4&#8243; _module_preset=&#8220;default&#8220; text_text_color=&#8220;#774500&#8243; text_font_size=&#8220;16px&#8220; header_2_font=&#8220;|800|||||||&#8220; header_2_text_color=&#8220;#774500&#8243; header_2_line_height=&#8220;1.3em&#8220; custom_margin=&#8220;1px|||||&#8220; global_colors_info=&#8220;{}&#8220;]<\/p>\n<h2>Vybaven\u00ed m\u011bstsk\u00e9ho ve\u0159ejn\u00e9ho prostoru<\/h2>\n<p>Ve\u0159ejn\u00fd prostor by m\u011bl b\u00fdt m\u00edstem, kde se lid\u00e9 zastav\u00ed, odpo\u010dinou si a pro\u017eij\u00ed spole\u010dn\u00e9 chv\u00edle. Ru\u010dn\u011b vyr\u00e1b\u011bn\u00e1 d\u0159ev\u011bn\u00e1 kuli\u010dkodr\u00e1ha, origin\u00e1ln\u00ed d\u0159ev\u011bn\u00fd mobili\u00e1\u0159, p\u0159in\u00e1\u0161\u00ed do m\u011bst nejen prvek hry, ale i kousek poctiv\u00e9ho \u0159emesla, kter\u00e9 l\u00e1k\u00e1 k objevov\u00e1n\u00ed d\u011bti i dosp\u011bl\u00e9.<\/p>\n<p>Na n\u00e1m\u011bst\u00edch, v parc\u00edch nebo u d\u011btsk\u00fdch h\u0159i\u0161\u0165 se st\u00e1v\u00e1 m\u00edstem setk\u00e1v\u00e1n\u00ed a radosti. Kuli\u010dka se kut\u00e1l\u00ed, dr\u00e1ha klikat\u00ed a kolem se oz\u00fdv\u00e1 sm\u00edch \u2013 jednoduch\u00e1, ale kouzeln\u00e1 z\u00e1bava, kter\u00e1 spojuje generace a o\u017eivuje ve\u0159ejn\u00fd prostor p\u0159irozenou hravost\u00ed.<br \/>Napi\u0161te mi a najdeme vhodn\u00e9 m\u00edsto i pro va\u0161i kuli\u010dkodr\u00e1hu.<\/p>\n<p>[\/et_pb_text][\/et_pb_column][\/et_pb_row][\/et_pb_section][et_pb_section fb_built=&#8220;1&#8243; _builder_version=&#8220;4.27.4&#8243; _module_preset=&#8220;default&#8220; background_color=&#8220;#ffffff&#8220; background_image=&#8220;http:\/\/www.kulickodrahy.com\/wp-content\/uploads\/2025\/05\/drevo-struktura-soft.jpg&#8220; parallax=&#8220;on&#8220; background_enable_video_mp4=&#8220;off&#8220; min_height=&#8220;353px&#8220; custom_padding=&#8220;2px|||||&#8220; global_colors_info=&#8220;{}&#8220;][et_pb_row column_structure=&#8220;1_2,1_2&#8243; _builder_version=&#8220;4.27.4&#8243; _module_preset=&#8220;default&#8220; module_alignment=&#8220;center&#8220; global_colors_info=&#8220;{}&#8220;][et_pb_column type=&#8220;1_2&#8243; _builder_version=&#8220;4.27.4&#8243; _module_preset=&#8220;default&#8220; global_colors_info=&#8220;{}&#8220;][et_pb_text _builder_version=&#8220;4.27.4&#8243; _module_preset=&#8220;default&#8220; text_text_color=&#8220;#000000&#8243; text_font_size=&#8220;21px&#8220; link_font=&#8220;||||on||||&#8220; link_text_color=&#8220;#255268&#8243; link_font_size=&#8220;20px&#8220; link_line_height=&#8220;1.4em&#8220; ul_text_color=&#8220;#255268&#8243; header_2_font=&#8220;||||||||&#8220; header_2_text_color=&#8220;#255268&#8243; header_2_font_size=&#8220;32px&#8220; header_2_line_height=&#8220;1.3em&#8220; global_colors_info=&#8220;{}&#8220;]<\/p>\n<h2>Na\u0161e slu\u017eby<\/h2>\n<ul>\n<li><a href=\"https:\/\/www.kulickodrahy.com\/index.php\/venkovni-drevena-kulickodraha\/\"><span style=\"font-weight: 400;\">V<\/span><span style=\"font-weight: 400;\">enkovn\u00ed d\u0159ev\u011bn\u00e1 kuli\u010dkodr\u00e1ha<\/span><\/a><\/li>\n<li><a href=\"https:\/\/www.kulickodrahy.com\/index.php\/drevena-kulickodraha-pro-verejne-prostory\/\"><span style=\"font-weight: 400;\">D\u0159ev\u011bn\u00e1 kuli\u010dkodr\u00e1ha pro ve\u0159ejn\u00e9 prostory<\/span><\/a><\/li>\n<li><a href=\"https:\/\/www.kulickodrahy.com\/index.php\/kulickodraha-do-hotelu-a-na-detske-hriste\/\"><span style=\"font-weight: 400;\">Kuli\u010dkodr\u00e1ha do hotelu<\/span><span style=\"font-weight: 400;\"> a na d\u011btsk\u00e9 h\u0159i\u0161t\u011b<\/span><\/a><span style=\"font-weight: 400;\"><\/span><\/li>\n<li><a href=\"https:\/\/www.kulickodrahy.com\/index.php\/interaktivni-drevene-hry-pro-deti\/\"><span style=\"font-weight: 400;\">Interaktivn\u00ed d\u0159ev\u011bn\u00e9 hry pro d\u011bti<\/span><\/a><\/li>\n<li><a href=\"https:\/\/www.kulickodrahy.com\/index.php\/detska-atrakce-do-parku\/\"><span style=\"font-weight: 400;\">D\u011btsk\u00e1 atrakce do parku<\/span><\/a><\/li>\n<li><a href=\"https:\/\/www.kulickodrahy.com\/index.php\/originalni-dreveny-mobiliar\/\"><span style=\"font-weight: 400;\">Origin\u00e1ln\u00ed d\u0159ev\u011bn\u00fd mobili\u00e1\u0159<\/span><\/a><\/li>\n<li><a href=\"https:\/\/www.kulickodrahy.com\/index.php\/co-je-to-participativni-rozpocet\/\"><span style=\"font-weight: 400;\">Co je to participativn\u00ed rozpo\u010det?<\/span><\/a><\/li>\n<\/ul>\n<p>[\/et_pb_text][\/et_pb_column][et_pb_column type=&#8220;1_2&#8243; _builder_version=&#8220;4.27.4&#8243; _module_preset=&#8220;default&#8220; global_colors_info=&#8220;{}&#8220;][et_pb_text _builder_version=&#8220;4.27.4&#8243; _module_preset=&#8220;default&#8220; text_text_color=&#8220;#255268&#8243; text_font_size=&#8220;20px&#8220; text_line_height=&#8220;1.8em&#8220; link_text_color=&#8220;#0cfaff&#8220; link_font_size=&#8220;21px&#8220; header_2_font=&#8220;||||||||&#8220; header_2_text_color=&#8220;#255268&#8243; header_2_font_size=&#8220;32px&#8220; header_2_line_height=&#8220;1.3em&#8220; header_3_text_color=&#8220;#FFFFFF&#8220; header_3_font_size=&#8220;28px&#8220; text_orientation=&#8220;center&#8220; min_height=&#8220;247px&#8220; custom_padding=&#8220;0px|10px||10px|false|false&#8220; global_colors_info=&#8220;{}&#8220;]<\/p>\n<h2>Kontakt:<\/h2>\n<p>Ond\u0159ej Ma\u0161ek<br \/>dramasek@seznam.cz<br \/>Tel.: 604 342 098<\/p>\n<p>[\/et_pb_text][\/et_pb_column][\/et_pb_row][\/et_pb_section]<\/p>\n","protected":false},"excerpt":{"rendered":"<p>Origin\u00e1ln\u00ed d\u0159ev\u011bn\u00fd mobili\u00e1\u0159Origin\u00e1ln\u00ed d\u0159ev\u011bn\u00fd mobili\u00e1\u0159 d\u011bl\u00e1m tak, aby d\u011btem dob\u0159e slou\u017eil a z\u00e1rove\u0148 zapadl do p\u0159\u00edrody. Kuli\u010dkodr\u00e1hy a dal\u0161\u00ed hern\u00ed prvky vyr\u00e1b\u00edm z kvalitn\u00edho d\u0159eva, kter\u00e9 je pevn\u00e9, odoln\u00e9 a p\u0159\u00edjemn\u00e9 na dotek. Ka\u017ed\u00fd kus pe\u010dliv\u011b opracuji, aby byl bezpe\u010dn\u00fd a vydr\u017eel roky hran\u00ed. V\u017edy mysl\u00edm na to, aby si d\u011bti hru opravdu u\u017eily \u2013 [&hellip;]<\/p>\n","protected":false},"author":2,"featured_media":0,"parent":0,"menu_order":0,"comment_status":"closed","ping_status":"closed","template":"page-template-blank.php","meta":{"_et_pb_use_builder":"on","_et_pb_old_content":"","_et_gb_content_width":"","footnotes":""},"class_list":["post-121","page","type-page","status-publish","hentry"],"yoast_head":"<!-- This site is optimized with the Yoast SEO plugin v24.7 - https:\/\/yoast.com\/wordpress\/plugins\/seo\/ -->\n<title>Origin\u00e1ln\u00ed d\u0159ev\u011bn\u00fd mobili\u00e1\u0159 | Kuli\u010dkodr\u00e1hy<\/title>\n<meta name=\"description\" content=\"Origin\u00e1ln\u00ed prvky do parku, na zahradu nebo t\u0159eba do dru\u017einy? Pokukujte po d\u0159ev\u011bn\u00e9m mobili\u00e1\u0159i. Vyroben\u00e9m ru\u010dn\u011b a s l\u00e1skou. Kulickodrahy.com\" \/>\n<meta name=\"robots\" content=\"index, follow, max-snippet:-1, max-image-preview:large, max-video-preview:-1\" \/>\n<link rel=\"canonical\" href=\"https:\/\/www.kulickodrahy.com\/index.php\/originalni-dreveny-mobiliar\/\" \/>\n<meta property=\"og:locale\" content=\"cs_CZ\" \/>\n<meta property=\"og:type\" content=\"article\" \/>\n<meta property=\"og:title\" content=\"Origin\u00e1ln\u00ed d\u0159ev\u011bn\u00fd mobili\u00e1\u0159 | Kuli\u010dkodr\u00e1hy\" \/>\n<meta property=\"og:description\" content=\"Origin\u00e1ln\u00ed prvky do parku, na zahradu nebo t\u0159eba do dru\u017einy? Pokukujte po d\u0159ev\u011bn\u00e9m mobili\u00e1\u0159i. Vyroben\u00e9m ru\u010dn\u011b a s l\u00e1skou. Kulickodrahy.com\" \/>\n<meta property=\"og:url\" content=\"https:\/\/www.kulickodrahy.com\/index.php\/originalni-dreveny-mobiliar\/\" \/>\n<meta property=\"og:site_name\" content=\"kulickodrahy.com\" \/>\n<meta property=\"article:modified_time\" content=\"2026-02-25T10:30:00+00:00\" \/>\n<meta name=\"twitter:card\" content=\"summary_large_image\" \/>\n<meta name=\"twitter:label1\" content=\"Odhadovan\u00e1 doba \u010dten\u00ed\" \/>\n\t<meta name=\"twitter:data1\" content=\"2 minuty\" \/>\n<script type=\"application\/ld+json\" class=\"yoast-schema-graph\">{\"@context\":\"https:\/\/schema.org\",\"@graph\":[{\"@type\":\"WebPage\",\"@id\":\"https:\/\/www.kulickodrahy.com\/index.php\/originalni-dreveny-mobiliar\/\",\"url\":\"https:\/\/www.kulickodrahy.com\/index.php\/originalni-dreveny-mobiliar\/\",\"name\":\"Origin\u00e1ln\u00ed d\u0159ev\u011bn\u00fd mobili\u00e1\u0159 | Kuli\u010dkodr\u00e1hy\",\"isPartOf\":{\"@id\":\"https:\/\/www.kulickodrahy.com\/#website\"},\"datePublished\":\"2025-03-25T07:21:21+00:00\",\"dateModified\":\"2026-02-25T10:30:00+00:00\",\"description\":\"Origin\u00e1ln\u00ed prvky do parku, na zahradu nebo t\u0159eba do dru\u017einy? Pokukujte po d\u0159ev\u011bn\u00e9m mobili\u00e1\u0159i. Vyroben\u00e9m ru\u010dn\u011b a s l\u00e1skou. Kulickodrahy.com\",\"breadcrumb\":{\"@id\":\"https:\/\/www.kulickodrahy.com\/index.php\/originalni-dreveny-mobiliar\/#breadcrumb\"},\"inLanguage\":\"cs\",\"potentialAction\":[{\"@type\":\"ReadAction\",\"target\":[\"https:\/\/www.kulickodrahy.com\/index.php\/originalni-dreveny-mobiliar\/\"]}]},{\"@type\":\"BreadcrumbList\",\"@id\":\"https:\/\/www.kulickodrahy.com\/index.php\/originalni-dreveny-mobiliar\/#breadcrumb\",\"itemListElement\":[{\"@type\":\"ListItem\",\"position\":1,\"name\":\"Dom\u016f\",\"item\":\"https:\/\/www.kulickodrahy.com\/\"},{\"@type\":\"ListItem\",\"position\":2,\"name\":\"Origin\u00e1ln\u00ed d\u0159ev\u011bn\u00fd mobili\u00e1\u0159\"}]},{\"@type\":\"WebSite\",\"@id\":\"https:\/\/www.kulickodrahy.com\/#website\",\"url\":\"https:\/\/www.kulickodrahy.com\/\",\"name\":\"kulickodrahy.com\",\"description\":\"velk\u00e9 venkovn\u00ed kuli\u010dkodr\u00e1hy\",\"potentialAction\":[{\"@type\":\"SearchAction\",\"target\":{\"@type\":\"EntryPoint\",\"urlTemplate\":\"https:\/\/www.kulickodrahy.com\/?s={search_term_string}\"},\"query-input\":{\"@type\":\"PropertyValueSpecification\",\"valueRequired\":true,\"valueName\":\"search_term_string\"}}],\"inLanguage\":\"cs\"}]}<\/script>\n<!-- \/ Yoast SEO plugin. -->","yoast_head_json":{"title":"Origin\u00e1ln\u00ed d\u0159ev\u011bn\u00fd mobili\u00e1\u0159 | Kuli\u010dkodr\u00e1hy","description":"Origin\u00e1ln\u00ed prvky do parku, na zahradu nebo t\u0159eba do dru\u017einy? Pokukujte po d\u0159ev\u011bn\u00e9m mobili\u00e1\u0159i. Vyroben\u00e9m ru\u010dn\u011b a s l\u00e1skou. Kulickodrahy.com","robots":{"index":"index","follow":"follow","max-snippet":"max-snippet:-1","max-image-preview":"max-image-preview:large","max-video-preview":"max-video-preview:-1"},"canonical":"https:\/\/www.kulickodrahy.com\/index.php\/originalni-dreveny-mobiliar\/","og_locale":"cs_CZ","og_type":"article","og_title":"Origin\u00e1ln\u00ed d\u0159ev\u011bn\u00fd mobili\u00e1\u0159 | Kuli\u010dkodr\u00e1hy","og_description":"Origin\u00e1ln\u00ed prvky do parku, na zahradu nebo t\u0159eba do dru\u017einy? Pokukujte po d\u0159ev\u011bn\u00e9m mobili\u00e1\u0159i. Vyroben\u00e9m ru\u010dn\u011b a s l\u00e1skou. Kulickodrahy.com","og_url":"https:\/\/www.kulickodrahy.com\/index.php\/originalni-dreveny-mobiliar\/","og_site_name":"kulickodrahy.com","article_modified_time":"2026-02-25T10:30:00+00:00","twitter_card":"summary_large_image","twitter_misc":{"Odhadovan\u00e1 doba \u010dten\u00ed":"2 minuty"},"schema":{"@context":"https:\/\/schema.org","@graph":[{"@type":"WebPage","@id":"https:\/\/www.kulickodrahy.com\/index.php\/originalni-dreveny-mobiliar\/","url":"https:\/\/www.kulickodrahy.com\/index.php\/originalni-dreveny-mobiliar\/","name":"Origin\u00e1ln\u00ed d\u0159ev\u011bn\u00fd mobili\u00e1\u0159 | Kuli\u010dkodr\u00e1hy","isPartOf":{"@id":"https:\/\/www.kulickodrahy.com\/#website"},"datePublished":"2025-03-25T07:21:21+00:00","dateModified":"2026-02-25T10:30:00+00:00","description":"Origin\u00e1ln\u00ed prvky do parku, na zahradu nebo t\u0159eba do dru\u017einy? Pokukujte po d\u0159ev\u011bn\u00e9m mobili\u00e1\u0159i. Vyroben\u00e9m ru\u010dn\u011b a s l\u00e1skou. Kulickodrahy.com","breadcrumb":{"@id":"https:\/\/www.kulickodrahy.com\/index.php\/originalni-dreveny-mobiliar\/#breadcrumb"},"inLanguage":"cs","potentialAction":[{"@type":"ReadAction","target":["https:\/\/www.kulickodrahy.com\/index.php\/originalni-dreveny-mobiliar\/"]}]},{"@type":"BreadcrumbList","@id":"https:\/\/www.kulickodrahy.com\/index.php\/originalni-dreveny-mobiliar\/#breadcrumb","itemListElement":[{"@type":"ListItem","position":1,"name":"Dom\u016f","item":"https:\/\/www.kulickodrahy.com\/"},{"@type":"ListItem","position":2,"name":"Origin\u00e1ln\u00ed d\u0159ev\u011bn\u00fd mobili\u00e1\u0159"}]},{"@type":"WebSite","@id":"https:\/\/www.kulickodrahy.com\/#website","url":"https:\/\/www.kulickodrahy.com\/","name":"kulickodrahy.com","description":"velk\u00e9 venkovn\u00ed kuli\u010dkodr\u00e1hy","potentialAction":[{"@type":"SearchAction","target":{"@type":"EntryPoint","urlTemplate":"https:\/\/www.kulickodrahy.com\/?s={search_term_string}"},"query-input":{"@type":"PropertyValueSpecification","valueRequired":true,"valueName":"search_term_string"}}],"inLanguage":"cs"}]}},"_links":{"self":[{"href":"https:\/\/www.kulickodrahy.com\/index.php\/wp-json\/wp\/v2\/pages\/121","targetHints":{"allow":["GET"]}}],"collection":[{"href":"https:\/\/www.kulickodrahy.com\/index.php\/wp-json\/wp\/v2\/pages"}],"about":[{"href":"https:\/\/www.kulickodrahy.com\/index.php\/wp-json\/wp\/v2\/types\/page"}],"author":[{"embeddable":true,"href":"https:\/\/www.kulickodrahy.com\/index.php\/wp-json\/wp\/v2\/users\/2"}],"replies":[{"embeddable":true,"href":"https:\/\/www.kulickodrahy.com\/index.php\/wp-json\/wp\/v2\/comments?post=121"}],"version-history":[{"count":17,"href":"https:\/\/www.kulickodrahy.com\/index.php\/wp-json\/wp\/v2\/pages\/121\/revisions"}],"predecessor-version":[{"id":473,"href":"https:\/\/www.kulickodrahy.com\/index.php\/wp-json\/wp\/v2\/pages\/121\/revisions\/473"}],"wp:attachment":[{"href":"https:\/\/www.kulickodrahy.com\/index.php\/wp-json\/wp\/v2\/media?parent=121"}],"curies":[{"name":"wp","href":"https:\/\/api.w.org\/{rel}","templated":true}]}}