{"id":10,"date":"2021-08-17T12:43:17","date_gmt":"2021-08-17T12:43:17","guid":{"rendered":"http:\/\/www.kulickodrahy.com\/?page_id=10"},"modified":"2026-02-25T10:24:03","modified_gmt":"2026-02-25T10:24:03","slug":"home-old","status":"publish","type":"page","link":"https:\/\/www.kulickodrahy.com\/","title":{"rendered":"Home"},"content":{"rendered":"<p>[et_pb_section fb_built=&#8220;1&#8243; _builder_version=&#8220;4.27.4&#8243; _module_preset=&#8220;default&#8220; background_color=&#8220;#FFFFFF&#8220; background_enable_video_mp4=&#8220;off&#8220; min_height=&#8220;398px&#8220; max_height=&#8220;1001px&#8220; custom_padding=&#8220;10px||10px||false|false&#8220; global_colors_info=&#8220;{}&#8220;][et_pb_row _builder_version=&#8220;4.27.4&#8243; _module_preset=&#8220;default&#8220; background_color=&#8220;RGBA(255,255,255,0)&#8220; background_video_mp4=&#8220;http:\/\/www.kulickodrahy.com\/wp-content\/uploads\/2021\/08\/km_20210813_1080p3_2.mp4&#8243; background_enable_video_webm=&#8220;off&#8220; background_video_height=&#8220;150&#8243; width=&#8220;100%&#8220; max_width=&#8220;none&#8220; min_height=&#8220;498px&#8220; custom_margin=&#8220;-11px|auto|0px|auto|false|false&#8220; custom_padding=&#8220;9px||40px||false|false&#8220; global_colors_info=&#8220;{}&#8220;][et_pb_column type=&#8220;4_4&#8243; _builder_version=&#8220;4.27.4&#8243; _module_preset=&#8220;default&#8220; global_colors_info=&#8220;{}&#8220;][et_pb_text _builder_version=&#8220;4.27.4&#8243; _module_preset=&#8220;default&#8220; text_text_color=&#8220;#FFFFFF&#8220; text_font_size=&#8220;17px&#8220; header_font=&#8220;Big Shoulders Inline Text|600|||||||&#8220; header_text_color=&#8220;#FFFFFF&#8220; header_font_size=&#8220;7em&#8220; header_letter_spacing=&#8220;3px&#8220; text_orientation=&#8220;center&#8220; background_layout=&#8220;dark&#8220; module_alignment=&#8220;center&#8220; custom_margin=&#8220;26px||0px||false|false&#8220; custom_margin_tablet=&#8220;&#8220; custom_margin_phone=&#8220;3px||0px||false|false&#8220; custom_margin_last_edited=&#8220;on|phone&#8220; custom_padding=&#8220;0px|||0px|false|false&#8220; header_text_align_tablet=&#8220;&#8220; header_text_align_phone=&#8220;center&#8220; header_text_align_last_edited=&#8220;on|tablet&#8220; header_font_size_tablet=&#8220;9vw&#8220; header_font_size_phone=&#8220;16vw&#8220; header_font_size_last_edited=&#8220;on|phone&#8220; text_orientation_tablet=&#8220;&#8220; text_orientation_phone=&#8220;center&#8220; text_orientation_last_edited=&#8220;on|phone&#8220; header_text_shadow_style=&#8220;preset2&#8243; header_text_shadow_horizontal_length=&#8220;0.02em&#8220; header_text_shadow_vertical_length=&#8220;0.02em&#8220; global_colors_info=&#8220;{}&#8220;]<\/p>\n<h1>Velk\u00e1 kuli\u010dkodr\u00e1ha<\/h1>\n<p>[\/et_pb_text][\/et_pb_column][\/et_pb_row][et_pb_row _builder_version=&#8220;4.27.4&#8243; _module_preset=&#8220;default&#8220; module_alignment=&#8220;center&#8220; custom_margin=&#8220;-270px|0px|179px|auto|false|false&#8220; global_colors_info=&#8220;{}&#8220;][et_pb_column type=&#8220;4_4&#8243; _builder_version=&#8220;4.27.4&#8243; _module_preset=&#8220;default&#8220; global_colors_info=&#8220;{}&#8220;][et_pb_heading title=&#8220;Origin\u00e1ln\u00ed venkovn\u00ed vy\u0159ez\u00e1van\u00e9 kuli\u010dkodr\u00e1hy pro d\u011bti i dosp\u011bl\u00e9&#8220; _builder_version=&#8220;4.27.4&#8243; _module_preset=&#8220;default&#8220; title_level=&#8220;h3&#8243; title_font=&#8220;||||||||&#8220; title_text_align=&#8220;center&#8220; title_text_color=&#8220;#FFFFFF&#8220; title_font_size=&#8220;36px&#8220; width=&#8220;98%&#8220; title_text_color_tablet=&#8220;#c1faff&#8220; title_text_color_phone=&#8220;#c1faff&#8220; title_text_color_last_edited=&#8220;on|phone&#8220; title_font_size_tablet=&#8220;26px&#8220; title_font_size_phone=&#8220;26px&#8220; title_font_size_last_edited=&#8220;on|desktop&#8220; title_text_shadow_style=&#8220;preset1&#8243; title_text_shadow_horizontal_length=&#8220;0.03em&#8220; title_text_shadow_vertical_length=&#8220;0.04em&#8220; global_colors_info=&#8220;{}&#8220;][\/et_pb_heading][\/et_pb_column][\/et_pb_row][et_pb_row use_custom_gutter=&#8220;on&#8220; gutter_width=&#8220;1&#8243; _builder_version=&#8220;4.27.4&#8243; _module_preset=&#8220;default&#8220; width=&#8220;100%&#8220; max_width=&#8220;1300px&#8220; module_alignment=&#8220;center&#8220; custom_padding=&#8220;7px||3px|0px||&#8220; global_colors_info=&#8220;{}&#8220;][et_pb_column type=&#8220;4_4&#8243; _builder_version=&#8220;4.27.4&#8243; _module_preset=&#8220;default&#8220; custom_padding=&#8220;0px|0px|0px|0px|false|false&#8220; global_colors_info=&#8220;{}&#8220;][et_pb_text _builder_version=&#8220;4.27.4&#8243; _module_preset=&#8220;default&#8220; text_font=&#8220;||||||||&#8220; text_text_color=&#8220;#255268&#8243; text_font_size=&#8220;16px&#8220; header_2_font=&#8220;|600|||||||&#8220; header_2_text_align=&#8220;left&#8220; header_2_text_color=&#8220;#255268&#8243; header_2_font_size=&#8220;27px&#8220; header_2_line_height=&#8220;1.3em&#8220; background_layout=&#8220;dark&#8220; width=&#8220;100%&#8220; max_width=&#8220;100%&#8220; module_alignment=&#8220;center&#8220; min_height=&#8220;180px&#8220; custom_margin=&#8220;|362px|15px|0px|false|false&#8220; custom_padding=&#8220;2px|0px|2px|5px|false|false&#8220; text_font_size_tablet=&#8220;&#8220; text_font_size_phone=&#8220;16px&#8220; text_font_size_last_edited=&#8220;on|phone&#8220; global_colors_info=&#8220;{}&#8220;]<\/p>\n<p>V d\u00edln\u011b m\u00e1m te\u010f velk\u00e9 kuli\u010dkodr\u00e1hy. Tohle kouzlo mi vznik\u00e1 pod rukama u\u017e del\u0161\u00ed dobu. Za\u010dalo to l\u00e1skou k men\u0161\u00edm, haptick\u00fdm d\u0159ev\u011bn\u00fdm v\u011bcem, kter\u00e9 jsem si s\u00e1m vyr\u00e1b\u011bl a pro kter\u00e9 jsem nach\u00e1zel inspiraci ve sv\u00e9 dosavadn\u00ed v\u00fdtvarn\u00e9 a rukod\u011bln\u00e9 praxi.<\/p>\n<h2>V \u010dem spo\u010d\u00edv\u00e1 kouzlo velk\u00e9 kuli\u010dkodr\u00e1hy?<\/h2>\n<p>Jako v\u00fdtvarn\u00edka a autora velk\u00fdch kuli\u010dkodr\u00e1h m\u011b t\u011b\u0161\u00ed samotn\u00fd kontakt s materi\u00e1lem, pr\u016fb\u011bh vzniku, n\u00e1pady, s kter\u00fdmi ve\u010der us\u00edn\u00e1m a hotov\u00e1 \u0159e\u0161en\u00ed, kter\u00e1 m\u011b r\u00e1no probouz\u00ed.<br \/>M\u00e9 klienty bav\u00ed na velk\u00fdch kuli\u010dkodr\u00e1h\u00e1ch plynut\u00ed \u010dasu, kter\u00e9 je s nimi jin\u00e9. Zaberou se do hry, nemus\u00ed p\u0159em\u00fd\u0161let a jen si u\u017e\u00edvaj\u00ed p\u0159\u00edtomn\u00fd okam\u017eik spolu se sv\u00fdmi d\u011btmi a t\u0159eba i prarodi\u010di.<\/p>\n<p>[\/et_pb_text][\/et_pb_column][\/et_pb_row][\/et_pb_section][et_pb_section fb_built=&#8220;1&#8243; _builder_version=&#8220;4.27.4&#8243; _module_preset=&#8220;default&#8220; background_color=&#8220;#FFFFFF&#8220; background_enable_video_mp4=&#8220;off&#8220; custom_padding=&#8220;10px||0px||false|false&#8220; global_colors_info=&#8220;{}&#8220;][et_pb_row use_custom_gutter=&#8220;on&#8220; gutter_width=&#8220;1&#8243; _builder_version=&#8220;4.27.4&#8243; _module_preset=&#8220;default&#8220; width=&#8220;99%&#8220; max_width=&#8220;2560px&#8220; module_alignment=&#8220;center&#8220; custom_margin=&#8220;-9px|auto||auto||&#8220; custom_padding=&#8220;7px||0px|0px||&#8220; global_colors_info=&#8220;{}&#8220;][et_pb_column type=&#8220;4_4&#8243; _builder_version=&#8220;4.27.4&#8243; _module_preset=&#8220;default&#8220; custom_padding=&#8220;0px|0px|0px|0px|false|false&#8220; global_colors_info=&#8220;{}&#8220;][et_pb_gallery gallery_ids=&#8220;17,179,212,184,210,213,214,207&#8243; show_title_and_caption=&#8220;off&#8220; show_pagination=&#8220;off&#8220; admin_label=&#8220;moje-galerie-16-9-1&#8243; module_id=&#8220;moje-galerie-16-9-1&#8243; module_class=&#8220;moje-galerie-16-9-1&#8243; _builder_version=&#8220;4.27.4&#8243; _module_preset=&#8220;default&#8220; module_alignment=&#8220;center&#8220; min_height=&#8220;47.6px&#8220; custom_margin=&#8220;7px|||||&#8220; custom_padding=&#8220;||0px|||&#8220; child_filter_saturate=&#8220;0%&#8220; child_filter_brightness=&#8220;101%&#8220; custom_css_free_form=&#8220;\/*galerie 16:9*\/||.moje-galerie-16-9-1 .et_pb_gallery_image {||padding-top: 56.25%;||display: block;||}||.moje-galerie-16-9-1 .et_pb_gallery_item img {||position: absolute;||height: 100%;||width: 100%;||top: 0;||left: 0;||right: 0;||bottom: 0;||object-fit: cover;||}&#8220; global_colors_info=&#8220;{}&#8220;][\/et_pb_gallery][\/et_pb_column][\/et_pb_row][\/et_pb_section][et_pb_section fb_built=&#8220;1&#8243; _builder_version=&#8220;4.27.4&#8243; _module_preset=&#8220;default&#8220; background_color=&#8220;#FFFFFF&#8220; background_enable_video_mp4=&#8220;off&#8220; custom_padding=&#8220;2px||3px|||&#8220; global_colors_info=&#8220;{}&#8220;][et_pb_row use_custom_gutter=&#8220;on&#8220; gutter_width=&#8220;1&#8243; _builder_version=&#8220;4.27.4&#8243; _module_preset=&#8220;default&#8220; width=&#8220;95%&#8220; max_width=&#8220;1300px&#8220; module_alignment=&#8220;center&#8220; min_height=&#8220;248.6px&#8220; custom_margin=&#8220;|auto|1px|auto||&#8220; custom_padding=&#8220;5px||20px|||&#8220; global_colors_info=&#8220;{}&#8220;][et_pb_column type=&#8220;4_4&#8243; _builder_version=&#8220;4.27.4&#8243; _module_preset=&#8220;default&#8220; global_colors_info=&#8220;{}&#8220;][et_pb_text _builder_version=&#8220;4.27.4&#8243; _module_preset=&#8220;default&#8220; text_text_color=&#8220;#255268&#8243; text_font_size=&#8220;16px&#8220; header_2_font=&#8220;|600|||||||&#8220; header_2_text_color=&#8220;#255268&#8243; header_2_font_size=&#8220;32px&#8220; header_2_line_height=&#8220;1.3em&#8220; background_layout=&#8220;dark&#8220; min_height=&#8220;224.2px&#8220; custom_padding=&#8220;17px||0px|30px|false|false&#8220; global_colors_info=&#8220;{}&#8220;]<\/p>\n<h2>Kde najdou uplatn\u011bn\u00ed velk\u00e9 kuli\u010dkodr\u00e1hy?<\/h2>\n<ul>\n<li><strong>Park<\/strong> \u2013 m\u00edsto, kde se lid\u00e9 zastav\u00ed a odpo\u010dinou si. Velk\u00e1 kuli\u010dkodr\u00e1ha jim nab\u00eddne n\u011bco nav\u00edc \u2013 hru, kter\u00e1 spojuje generace.<\/li>\n<li><strong>Ve\u0159ejn\u00fd prostor<\/strong> \u2013 o\u017eiv\u00ed ulice i n\u00e1m\u011bst\u00ed, p\u0159it\u00e1hne zv\u011bdav\u00e9 pohledy a prom\u011bn\u00ed oby\u010dejn\u00e9 m\u00edsto v centrum z\u00e1bavy pro d\u011bti i dosp\u011bl\u00e9.<\/li>\n<li><strong>Zahrada<\/strong> \u2013 velk\u00e1 kuli\u010dkodr\u00e1ha je skv\u011bl\u00fd dopln\u011bk pro rodiny, kter\u00e9 cht\u011bj\u00ed d\u011btem vytvo\u0159it kouzeln\u00fd koutek pln\u00fd pohybu, kreativity a radosti.<\/li>\n<li><strong>\u0160kolka<\/strong> \u2013 d\u011bti si u\u017eij\u00ed nejen hru, ale z\u00e1rove\u0148 se nau\u010d\u00ed spoustu nov\u00e9ho.<\/li>\n<li><strong>D\u011btsk\u00e9 h\u0159i\u0161t\u011b<\/strong> \u2013 vedle prol\u00e9za\u010dek a houpa\u010dek p\u0159id\u00e1 dal\u0161\u00ed rozm\u011br z\u00e1bavy, kter\u00fd podpo\u0159\u00ed zv\u011bdavost a hravou fantazii.<\/li>\n<\/ul>\n<p>[\/et_pb_text][\/et_pb_column][\/et_pb_row][\/et_pb_section][et_pb_section fb_built=&#8220;1&#8243; _builder_version=&#8220;4.27.4&#8243; _module_preset=&#8220;default&#8220; background_color=&#8220;#301900&#8243; background_enable_video_mp4=&#8220;off&#8220; custom_padding=&#8220;10px||0px||false|false&#8220; global_colors_info=&#8220;{}&#8220;][et_pb_row use_custom_gutter=&#8220;on&#8220; gutter_width=&#8220;1&#8243; _builder_version=&#8220;4.27.4&#8243; _module_preset=&#8220;default&#8220; width=&#8220;99%&#8220; max_width=&#8220;2560px&#8220; module_alignment=&#8220;center&#8220; custom_margin=&#8220;-9px|auto||auto||&#8220; custom_padding=&#8220;7px||0px|0px||&#8220; global_colors_info=&#8220;{}&#8220;][et_pb_column type=&#8220;4_4&#8243; _builder_version=&#8220;4.27.4&#8243; _module_preset=&#8220;default&#8220; custom_padding=&#8220;0px|0px|0px|0px|false|false&#8220; global_colors_info=&#8220;{}&#8220;][et_pb_gallery gallery_ids=&#8220;177,186,181,187,184,178,182,209&#8243; show_title_and_caption=&#8220;off&#8220; show_pagination=&#8220;off&#8220; admin_label=&#8220;moje-galerie-16-9-1&#8243; module_id=&#8220;moje-galerie-16-9-1&#8243; module_class=&#8220;moje-galerie-16-9-1&#8243; _builder_version=&#8220;4.27.4&#8243; _module_preset=&#8220;default&#8220; module_alignment=&#8220;center&#8220; min_height=&#8220;47.6px&#8220; custom_margin=&#8220;-8px|||||&#8220; custom_padding=&#8220;||0px|||&#8220; child_filter_saturate=&#8220;0%&#8220; custom_css_free_form=&#8220;\/*galerie 16:9*\/||.moje-galerie-16-9-1 .et_pb_gallery_image {||padding-top: 56.25%;||display: block;||}||.moje-galerie-16-9-1 .et_pb_gallery_item img {||position: absolute;||height: 100%;||width: 100%;||top: 0;||left: 0;||right: 0;||bottom: 0;||object-fit: cover;||}&#8220; global_colors_info=&#8220;{}&#8220;][\/et_pb_gallery][\/et_pb_column][\/et_pb_row][\/et_pb_section][et_pb_section fb_built=&#8220;1&#8243; _builder_version=&#8220;4.27.4&#8243; _module_preset=&#8220;default&#8220; background_color=&#8220;#301900&#8243; background_enable_video_mp4=&#8220;off&#8220; custom_padding=&#8220;2px||2px|||&#8220; global_colors_info=&#8220;{}&#8220;][et_pb_row _builder_version=&#8220;4.27.4&#8243; _module_preset=&#8220;default&#8220; width=&#8220;95%&#8220; max_width=&#8220;1300px&#8220; module_alignment=&#8220;center&#8220; global_colors_info=&#8220;{}&#8220;][et_pb_column type=&#8220;4_4&#8243; _builder_version=&#8220;4.27.4&#8243; _module_preset=&#8220;default&#8220; global_colors_info=&#8220;{}&#8220;][et_pb_text _builder_version=&#8220;4.27.4&#8243; _module_preset=&#8220;default&#8220; text_text_color=&#8220;#FFFFFF&#8220; text_font_size=&#8220;16px&#8220; header_2_font=&#8220;|600|||||||&#8220; header_2_text_color=&#8220;#FFFFFF&#8220; header_2_font_size=&#8220;32px&#8220; header_2_line_height=&#8220;1.3em&#8220; background_layout=&#8220;dark&#8220; global_colors_info=&#8220;{}&#8220;]<\/p>\n<p>Chcete vlastn\u00ed velkou kuli\u010dkodr\u00e1hu? Vytvo\u0159\u00edm ji pro va\u0161i zahradu nebo jako ve\u0159ejnou zak\u00e1zku pro m\u011bsto v r\u00e1mci participativn\u00edho rozpo\u010dtu. Kr\u00e1sn\u011b dopln\u00ed i v\u00e1\u0161 z\u00e1bavn\u00ed park a d\u011btsk\u00e9 h\u0159i\u0161t\u011b u restaurace. Napi\u0161te mi, a\u0165 to m\u016f\u017eeme spole\u010dn\u011b probrat.<\/p>\n<p>[\/et_pb_text][\/et_pb_column][\/et_pb_row][\/et_pb_section][et_pb_section fb_built=&#8220;1&#8243; _builder_version=&#8220;4.27.4&#8243; _module_preset=&#8220;default&#8220; background_color=&#8220;#ffffff&#8220; background_image=&#8220;http:\/\/www.kulickodrahy.com\/wp-content\/uploads\/2025\/05\/drevo-struktura-soft.jpg&#8220; parallax=&#8220;on&#8220; background_enable_video_mp4=&#8220;off&#8220; min_height=&#8220;353px&#8220; custom_padding=&#8220;2px|||||&#8220; global_colors_info=&#8220;{}&#8220;][et_pb_row column_structure=&#8220;1_2,1_2&#8243; _builder_version=&#8220;4.27.4&#8243; _module_preset=&#8220;default&#8220; max_width=&#8220;1085px&#8220; module_alignment=&#8220;center&#8220; global_colors_info=&#8220;{}&#8220;][et_pb_column type=&#8220;1_2&#8243; _builder_version=&#8220;4.27.4&#8243; _module_preset=&#8220;default&#8220; global_colors_info=&#8220;{}&#8220;][et_pb_text _builder_version=&#8220;4.27.4&#8243; _module_preset=&#8220;default&#8220; text_text_color=&#8220;#000000&#8243; text_font_size=&#8220;21px&#8220; link_font=&#8220;||||on||||&#8220; link_text_color=&#8220;#255268&#8243; link_font_size=&#8220;20px&#8220; link_line_height=&#8220;1.4em&#8220; ul_text_color=&#8220;#255268&#8243; header_2_font=&#8220;||||||||&#8220; header_2_text_color=&#8220;#255268&#8243; header_2_font_size=&#8220;32px&#8220; header_2_line_height=&#8220;1.3em&#8220; global_colors_info=&#8220;{}&#8220;]<\/p>\n<h2>Na\u0161e slu\u017eby<\/h2>\n<ul>\n<li><a href=\"https:\/\/www.kulickodrahy.com\/index.php\/venkovni-drevena-kulickodraha\/\"><span style=\"font-weight: 400;\">V<\/span><span style=\"font-weight: 400;\">enkovn\u00ed d\u0159ev\u011bn\u00e1 kuli\u010dkodr\u00e1ha<\/span><\/a><\/li>\n<li><a href=\"https:\/\/www.kulickodrahy.com\/index.php\/drevena-kulickodraha-pro-verejne-prostory\/\"><span style=\"font-weight: 400;\">D\u0159ev\u011bn\u00e1 kuli\u010dkodr\u00e1ha pro ve\u0159ejn\u00e9 prostory<\/span><\/a><\/li>\n<li><a href=\"https:\/\/www.kulickodrahy.com\/index.php\/kulickodraha-do-hotelu-a-na-detske-hriste\/\"><span style=\"font-weight: 400;\">Kuli\u010dkodr\u00e1ha do hotelu<\/span><span style=\"font-weight: 400;\"> a na d\u011btsk\u00e9 h\u0159i\u0161t\u011b<\/span><\/a><span style=\"font-weight: 400;\"><\/span><\/li>\n<li><a href=\"https:\/\/www.kulickodrahy.com\/index.php\/interaktivni-drevene-hry-pro-deti\/\"><span style=\"font-weight: 400;\">Interaktivn\u00ed d\u0159ev\u011bn\u00e9 hry pro d\u011bti<\/span><\/a><\/li>\n<li><a href=\"https:\/\/www.kulickodrahy.com\/index.php\/detska-atrakce-do-parku\/\"><span style=\"font-weight: 400;\">D\u011btsk\u00e1 atrakce do parku<\/span><\/a><\/li>\n<li><a href=\"https:\/\/www.kulickodrahy.com\/index.php\/originalni-dreveny-mobiliar\/\"><span style=\"font-weight: 400;\">Origin\u00e1ln\u00ed d\u0159ev\u011bn\u00fd mobili\u00e1\u0159<\/span><\/a><\/li>\n<li><a href=\"https:\/\/www.kulickodrahy.com\/index.php\/co-je-to-participativni-rozpocet\/\"><span style=\"font-weight: 400;\">Co je to participativn\u00ed rozpo\u010det?<\/span><\/a><\/li>\n<\/ul>\n<p>[\/et_pb_text][\/et_pb_column][et_pb_column type=&#8220;1_2&#8243; _builder_version=&#8220;4.27.4&#8243; _module_preset=&#8220;default&#8220; global_colors_info=&#8220;{}&#8220;][et_pb_text _builder_version=&#8220;4.27.4&#8243; _module_preset=&#8220;default&#8220; text_text_color=&#8220;#255268&#8243; text_font_size=&#8220;20px&#8220; text_line_height=&#8220;1.8em&#8220; link_text_color=&#8220;#0cfaff&#8220; link_font_size=&#8220;21px&#8220; header_2_font=&#8220;||||||||&#8220; header_2_text_color=&#8220;#255268&#8243; header_2_font_size=&#8220;32px&#8220; header_2_line_height=&#8220;1.3em&#8220; header_3_text_color=&#8220;#FFFFFF&#8220; header_3_font_size=&#8220;28px&#8220; text_orientation=&#8220;center&#8220; min_height=&#8220;247px&#8220; custom_padding=&#8220;0px|10px||10px|false|false&#8220; global_colors_info=&#8220;{}&#8220;]<\/p>\n<h2>Kontakt:<\/h2>\n<p>Ond\u0159ej Ma\u0161ek<br \/>dramasek@seznam.cz<br \/>Tel.: 604 342 098<\/p>\n<p>[\/et_pb_text][\/et_pb_column][\/et_pb_row][\/et_pb_section]<\/p>\n","protected":false},"excerpt":{"rendered":"<p>Velk\u00e1 kuli\u010dkodr\u00e1haV d\u00edln\u011b m\u00e1m te\u010f velk\u00e9 kuli\u010dkodr\u00e1hy. Tohle kouzlo mi vznik\u00e1 pod rukama u\u017e del\u0161\u00ed dobu. Za\u010dalo to l\u00e1skou k men\u0161\u00edm, haptick\u00fdm d\u0159ev\u011bn\u00fdm v\u011bcem, kter\u00e9 jsem si s\u00e1m vyr\u00e1b\u011bl a pro kter\u00e9 jsem nach\u00e1zel inspiraci ve sv\u00e9 dosavadn\u00ed v\u00fdtvarn\u00e9 a rukod\u011bln\u00e9 praxi. V \u010dem spo\u010d\u00edv\u00e1 kouzlo velk\u00e9 kuli\u010dkodr\u00e1hy? Jako v\u00fdtvarn\u00edka a autora velk\u00fdch kuli\u010dkodr\u00e1h m\u011b [&hellip;]<\/p>\n","protected":false},"author":1,"featured_media":0,"parent":0,"menu_order":0,"comment_status":"closed","ping_status":"closed","template":"page-template-blank.php","meta":{"_et_pb_use_builder":"on","_et_pb_old_content":"","_et_gb_content_width":"","footnotes":""},"class_list":["post-10","page","type-page","status-publish","hentry"],"yoast_head":"<!-- This site is optimized with the Yoast SEO plugin v24.7 - https:\/\/yoast.com\/wordpress\/plugins\/seo\/ -->\n<title>Velk\u00e1 kuli\u010dkodr\u00e1ha | Kuli\u010dkodr\u00e1hy<\/title>\n<meta name=\"description\" content=\"U\u010daruje d\u011btem i dosp\u011bl\u00fdm. Velk\u00e1 kuli\u010dkodr\u00e1ha se hod\u00ed do parku, na d\u011btsk\u00e9 h\u0159i\u0161t\u011b i do m\u011bsta. Kulickodrahy.com\" \/>\n<meta name=\"robots\" content=\"index, follow, max-snippet:-1, max-image-preview:large, max-video-preview:-1\" \/>\n<link rel=\"canonical\" href=\"https:\/\/www.kulickodrahy.com\/\" \/>\n<meta property=\"og:locale\" content=\"cs_CZ\" \/>\n<meta property=\"og:type\" content=\"article\" \/>\n<meta property=\"og:title\" content=\"Velk\u00e1 kuli\u010dkodr\u00e1ha | Kuli\u010dkodr\u00e1hy\" \/>\n<meta property=\"og:description\" content=\"U\u010daruje d\u011btem i dosp\u011bl\u00fdm. Velk\u00e1 kuli\u010dkodr\u00e1ha se hod\u00ed do parku, na d\u011btsk\u00e9 h\u0159i\u0161t\u011b i do m\u011bsta. Kulickodrahy.com\" \/>\n<meta property=\"og:url\" content=\"https:\/\/www.kulickodrahy.com\/\" \/>\n<meta property=\"og:site_name\" content=\"kulickodrahy.com\" \/>\n<meta property=\"article:modified_time\" content=\"2026-02-25T10:24:03+00:00\" \/>\n<meta name=\"twitter:card\" content=\"summary_large_image\" \/>\n<meta name=\"twitter:label1\" content=\"Odhadovan\u00e1 doba \u010dten\u00ed\" \/>\n\t<meta name=\"twitter:data1\" content=\"2 minuty\" \/>\n<script type=\"application\/ld+json\" class=\"yoast-schema-graph\">{\"@context\":\"https:\/\/schema.org\",\"@graph\":[{\"@type\":\"WebPage\",\"@id\":\"https:\/\/www.kulickodrahy.com\/\",\"url\":\"https:\/\/www.kulickodrahy.com\/\",\"name\":\"Velk\u00e1 kuli\u010dkodr\u00e1ha | Kuli\u010dkodr\u00e1hy\",\"isPartOf\":{\"@id\":\"https:\/\/www.kulickodrahy.com\/#website\"},\"datePublished\":\"2021-08-17T12:43:17+00:00\",\"dateModified\":\"2026-02-25T10:24:03+00:00\",\"description\":\"U\u010daruje d\u011btem i dosp\u011bl\u00fdm. Velk\u00e1 kuli\u010dkodr\u00e1ha se hod\u00ed do parku, na d\u011btsk\u00e9 h\u0159i\u0161t\u011b i do m\u011bsta. Kulickodrahy.com\",\"breadcrumb\":{\"@id\":\"https:\/\/www.kulickodrahy.com\/#breadcrumb\"},\"inLanguage\":\"cs\",\"potentialAction\":[{\"@type\":\"ReadAction\",\"target\":[\"https:\/\/www.kulickodrahy.com\/\"]}]},{\"@type\":\"BreadcrumbList\",\"@id\":\"https:\/\/www.kulickodrahy.com\/#breadcrumb\",\"itemListElement\":[{\"@type\":\"ListItem\",\"position\":1,\"name\":\"Dom\u016f\",\"item\":\"https:\/\/www.kulickodrahy.com\/\"},{\"@type\":\"ListItem\",\"position\":2,\"name\":\"Home\"}]},{\"@type\":\"WebSite\",\"@id\":\"https:\/\/www.kulickodrahy.com\/#website\",\"url\":\"https:\/\/www.kulickodrahy.com\/\",\"name\":\"kulickodrahy.com\",\"description\":\"velk\u00e9 venkovn\u00ed kuli\u010dkodr\u00e1hy\",\"potentialAction\":[{\"@type\":\"SearchAction\",\"target\":{\"@type\":\"EntryPoint\",\"urlTemplate\":\"https:\/\/www.kulickodrahy.com\/?s={search_term_string}\"},\"query-input\":{\"@type\":\"PropertyValueSpecification\",\"valueRequired\":true,\"valueName\":\"search_term_string\"}}],\"inLanguage\":\"cs\"}]}<\/script>\n<!-- \/ Yoast SEO plugin. -->","yoast_head_json":{"title":"Velk\u00e1 kuli\u010dkodr\u00e1ha | Kuli\u010dkodr\u00e1hy","description":"U\u010daruje d\u011btem i dosp\u011bl\u00fdm. Velk\u00e1 kuli\u010dkodr\u00e1ha se hod\u00ed do parku, na d\u011btsk\u00e9 h\u0159i\u0161t\u011b i do m\u011bsta. Kulickodrahy.com","robots":{"index":"index","follow":"follow","max-snippet":"max-snippet:-1","max-image-preview":"max-image-preview:large","max-video-preview":"max-video-preview:-1"},"canonical":"https:\/\/www.kulickodrahy.com\/","og_locale":"cs_CZ","og_type":"article","og_title":"Velk\u00e1 kuli\u010dkodr\u00e1ha | Kuli\u010dkodr\u00e1hy","og_description":"U\u010daruje d\u011btem i dosp\u011bl\u00fdm. Velk\u00e1 kuli\u010dkodr\u00e1ha se hod\u00ed do parku, na d\u011btsk\u00e9 h\u0159i\u0161t\u011b i do m\u011bsta. Kulickodrahy.com","og_url":"https:\/\/www.kulickodrahy.com\/","og_site_name":"kulickodrahy.com","article_modified_time":"2026-02-25T10:24:03+00:00","twitter_card":"summary_large_image","twitter_misc":{"Odhadovan\u00e1 doba \u010dten\u00ed":"2 minuty"},"schema":{"@context":"https:\/\/schema.org","@graph":[{"@type":"WebPage","@id":"https:\/\/www.kulickodrahy.com\/","url":"https:\/\/www.kulickodrahy.com\/","name":"Velk\u00e1 kuli\u010dkodr\u00e1ha | Kuli\u010dkodr\u00e1hy","isPartOf":{"@id":"https:\/\/www.kulickodrahy.com\/#website"},"datePublished":"2021-08-17T12:43:17+00:00","dateModified":"2026-02-25T10:24:03+00:00","description":"U\u010daruje d\u011btem i dosp\u011bl\u00fdm. Velk\u00e1 kuli\u010dkodr\u00e1ha se hod\u00ed do parku, na d\u011btsk\u00e9 h\u0159i\u0161t\u011b i do m\u011bsta. Kulickodrahy.com","breadcrumb":{"@id":"https:\/\/www.kulickodrahy.com\/#breadcrumb"},"inLanguage":"cs","potentialAction":[{"@type":"ReadAction","target":["https:\/\/www.kulickodrahy.com\/"]}]},{"@type":"BreadcrumbList","@id":"https:\/\/www.kulickodrahy.com\/#breadcrumb","itemListElement":[{"@type":"ListItem","position":1,"name":"Dom\u016f","item":"https:\/\/www.kulickodrahy.com\/"},{"@type":"ListItem","position":2,"name":"Home"}]},{"@type":"WebSite","@id":"https:\/\/www.kulickodrahy.com\/#website","url":"https:\/\/www.kulickodrahy.com\/","name":"kulickodrahy.com","description":"velk\u00e9 venkovn\u00ed kuli\u010dkodr\u00e1hy","potentialAction":[{"@type":"SearchAction","target":{"@type":"EntryPoint","urlTemplate":"https:\/\/www.kulickodrahy.com\/?s={search_term_string}"},"query-input":{"@type":"PropertyValueSpecification","valueRequired":true,"valueName":"search_term_string"}}],"inLanguage":"cs"}]}},"_links":{"self":[{"href":"https:\/\/www.kulickodrahy.com\/index.php\/wp-json\/wp\/v2\/pages\/10","targetHints":{"allow":["GET"]}}],"collection":[{"href":"https:\/\/www.kulickodrahy.com\/index.php\/wp-json\/wp\/v2\/pages"}],"about":[{"href":"https:\/\/www.kulickodrahy.com\/index.php\/wp-json\/wp\/v2\/types\/page"}],"author":[{"embeddable":true,"href":"https:\/\/www.kulickodrahy.com\/index.php\/wp-json\/wp\/v2\/users\/1"}],"replies":[{"embeddable":true,"href":"https:\/\/www.kulickodrahy.com\/index.php\/wp-json\/wp\/v2\/comments?post=10"}],"version-history":[{"count":59,"href":"https:\/\/www.kulickodrahy.com\/index.php\/wp-json\/wp\/v2\/pages\/10\/revisions"}],"predecessor-version":[{"id":466,"href":"https:\/\/www.kulickodrahy.com\/index.php\/wp-json\/wp\/v2\/pages\/10\/revisions\/466"}],"wp:attachment":[{"href":"https:\/\/www.kulickodrahy.com\/index.php\/wp-json\/wp\/v2\/media?parent=10"}],"curies":[{"name":"wp","href":"https:\/\/api.w.org\/{rel}","templated":true}]}}